{"id":962,"date":"2023-04-04T09:00:37","date_gmt":"2023-04-04T07:00:37","guid":{"rendered":"https:\/\/www.kosmo-schule.at\/site\/?page_id=962"},"modified":"2024-08-13T22:15:06","modified_gmt":"2024-08-13T20:15:06","slug":"herzlich-willkommen","status":"publish","type":"page","link":"https:\/\/www.kosmo-schule.at\/site\/","title":{"rendered":"Herzlich Willkommen!"},"content":{"rendered":"\n<blockquote class=\"wp-block-quote is-layout-flow wp-block-quote-is-layout-flow\">\n<p> \u201eDie Schule als eine Einrichtung der Wissensvermittlung zu betrachten, ist ein Standpunkt; ein anderer besteht darin, die Schule als eine Vorbereitung f\u00fcr das Leben aufzufassen.\u201c <\/p>\n<cite>Maria Montessori<\/cite><\/blockquote>\n\n\n\n<p>Wir freuen uns, Sie auf der Seite der KOSMO Montessori-Schule begr\u00fc\u00dfen zu d\u00fcrfen! Unsere Schule in Oftering, Ober\u00f6sterreich, begleitet rund 60 Sch\u00fcler:innen von der ersten bis zur neunten Schulstufe auf ihrem Bildungsweg. <\/p>\n\n\n\n<p>In der KOSMO Montessori-Schule gibt es eine Primarstufe und eine Sekundarstufe. Beide arbeiten nach den Prinzipien der <a rel=\"noreferrer noopener\" aria-label=\" (\u00f6ffnet in neuem Tab)\" href=\"https:\/\/www.kosmo-schule.at\/site\/montessori-paedagogik\/maria-montessori-mario-montessori\/\" target=\"_blank\">Montessori-P\u00e4dagogik<\/a>. In der Primarstufe (<a href=\"https:\/\/www.kosmo-schule.at\/site\/montessori-paedagogik\/kinder-im-alter-von-6-bis-12-jahren\/\" target=\"_blank\" rel=\"noreferrer noopener\" aria-label=\"Altersmischung 1. bis 6. Schulstufe (\u00f6ffnet in neuem Tab)\">Altersmischung 1. bis 6. Schulstufe<\/a>) ist dabei die <a rel=\"noreferrer noopener\" aria-label=\" (\u00f6ffnet in neuem Tab)\" href=\"https:\/\/www.kosmo-schule.at\/site\/montessori-paedagogik\/kosmische-erziehung\/\" target=\"_blank\">Kosmische Erziehung<\/a> das zentrale Element. Mit zahlreichen <a rel=\"noreferrer noopener\" aria-label=\" (\u00f6ffnet in neuem Tab)\" href=\"https:\/\/www.kosmo-schule.at\/site\/montessori-paedagogik\/montessori-material\/\" target=\"_blank\">Materialien<\/a> erleben und begreifen  die Kinder alle Wissensbereiche dieser Altersstufe &#8211; dabei wird ganzheitliches Lernen Tag f\u00fcr Tag in die Realit\u00e4t umgesetzt. <a rel=\"noreferrer noopener\" aria-label=\" (\u00f6ffnet in neuem Tab)\" href=\"https:\/\/www.kosmo-schule.at\/site\/montessori-paedagogik\/dienste\/\" target=\"_blank\">Dienste<\/a> und <a rel=\"noreferrer noopener\" aria-label=\"Going Outs (\u00f6ffnet in neuem Tab)\" href=\"https:\/\/www.kosmo-schule.at\/site\/montessori-paedagogik\/going-out-und-coming-in\/\" target=\"_blank\">Going Outs<\/a> bilden in der Primarstufe wichtige Eckpfeiler der Entwicklung echter Selbstst\u00e4ndigkeit.<\/p>\n\n\n\n<p>Die Sekundarstufe richtet ihren Bildungsplan ganz nach dem <a rel=\"noreferrer noopener\" aria-label=\"Erdkinderplan (\u00f6ffnet in neuem Tab)\" href=\"https:\/\/www.kosmo-schule.at\/site\/montessori-paedagogik\/erdkinderplan\/\" target=\"_blank\">Erdkinderplan<\/a> aus.  Wir antworten damit auf aktuelle gesellschaftliche Herausforderungen und machen gute Bildung f\u00fcr <a rel=\"noreferrer noopener\" aria-label=\"12- bis 15-j\u00e4hrige (\u00f6ffnet in neuem Tab)\" href=\"https:\/\/www.kosmo-schule.at\/site\/montessori-paedagogik\/jugendliche-im-alter-von-12-bis-15-jahren\/\" target=\"_blank\">12- bis 15-j\u00e4hrige<\/a> auf eine neue, ganzheitliche Art m\u00f6glich. Wirtschaftliche Kompetenz durch echte Verantwortung steht bei uns auf einer Ebene mit Pers\u00f6nlichkeitsbildung und Sozialkompetenz. Indem wir Lernen mit praktischem Handeln verkn\u00fcpfen, geben wir den Jugendlichen die Gelegenheit, bleibende Wissensbest\u00e4nde zu erarbeiten.  <\/p>\n\n\n\n<p>In beiden Lerngruppen ist <a href=\"https:\/\/www.kosmo-schule.at\/site\/kosmo-schule\/team\/\" data-type=\"link\" data-id=\"https:\/\/www.kosmo-schule.at\/site\/kosmo-schule\/team\/\" target=\"_blank\" rel=\"noreferrer noopener\">unser gro\u00dfartiges Team<\/a> das A und O der hohen Qualit\u00e4t unserer t\u00e4glichen Arbeit mit den Kindern. Gemeinsam mit den Eltern der Kinder, die unsere Schule besuchen, erm\u00f6glichen wir eine Bildungsoase im Herzen Ober\u00f6sterreichs.<\/p>\n\n\n\n<p>Sie haben Interesse Ihr Kind bei uns anzumelden? <a rel=\"noreferrer noopener\" aria-label=\"Hier finden Sie (\u00f6ffnet in neuem Tab)\" href=\"https:\/\/www.kosmo-schule.at\/site\/intressiert\/an-einer-anmeldung-ihres-kindes\/\" target=\"_blank\">Hier finden Sie<\/a> alle notwendigen Informationen und n\u00e4chste Schritte. <\/p>\n\n\n\n<p>Sie m\u00f6chten die KOSMO-Montessori-Schule finanziell oder materiell unterst\u00fctzen? <a rel=\"noreferrer noopener\" aria-label=\"Wir freuen uns \u00fcber jeden noch so kleinen Beitrag! (\u00f6ffnet in neuem Tab)\" href=\"https:\/\/www.kosmo-schule.at\/site\/intressiert\/die-kosmo-schule-mit-sachspenden-zu-unterstuetzen\/\" target=\"_blank\">Wir freuen uns \u00fcber jeden noch so kleinen Beitrag!<\/a><\/p>\n","protected":false},"excerpt":{"rendered":"<p>\u201eDie Schule als eine Einrichtung der Wissensvermittlung zu betrachten, ist ein Standpunkt; ein anderer besteht darin, die Schule als eine Vorbereitung f\u00fcr das Leben aufzufassen.\u201c Maria Montessori Wir freuen uns, Sie auf der Seite der KOSMO Montessori-Schule begr\u00fc\u00dfen zu d\u00fcrfen! <a href=\"https:\/\/www.kosmo-schule.at\/site\/\"><\/p>\n<div class=\"read-more\">\n<p>Read more &#8250;<\/p>\n<\/div>\n<p><!-- end of .read-more --><\/a><\/p>\n","protected":false},"author":8,"featured_media":0,"parent":0,"menu_order":0,"comment_status":"closed","ping_status":"closed","template":"","meta":{"footnotes":""},"class_list":["post-962","page","type-page","status-publish","hentry"],"_links":{"self":[{"href":"https:\/\/www.kosmo-schule.at\/site\/wp-json\/wp\/v2\/pages\/962","targetHints":{"allow":["GET"]}}],"collection":[{"href":"https:\/\/www.kosmo-schule.at\/site\/wp-json\/wp\/v2\/pages"}],"about":[{"href":"https:\/\/www.kosmo-schule.at\/site\/wp-json\/wp\/v2\/types\/page"}],"author":[{"embeddable":true,"href":"https:\/\/www.kosmo-schule.at\/site\/wp-json\/wp\/v2\/users\/8"}],"replies":[{"embeddable":true,"href":"https:\/\/www.kosmo-schule.at\/site\/wp-json\/wp\/v2\/comments?post=962"}],"version-history":[{"count":14,"href":"https:\/\/www.kosmo-schule.at\/site\/wp-json\/wp\/v2\/pages\/962\/revisions"}],"predecessor-version":[{"id":1160,"href":"https:\/\/www.kosmo-schule.at\/site\/wp-json\/wp\/v2\/pages\/962\/revisions\/1160"}],"wp:attachment":[{"href":"https:\/\/www.kosmo-schule.at\/site\/wp-json\/wp\/v2\/media?parent=962"}],"curies":[{"name":"wp","href":"https:\/\/api.w.org\/{rel}","templated":true}]}}